k + 8*k - 929. What is the tens digit of i(-4)?
9
Let j(b) = -2*b**3 + 9*b**2 - 9*b - 1. Let c be j(4). What is the hundreds digit of -23*(c/2 - 1)*2?
5
Suppose -7 - 1 = -4*h, -c - 3*h = -12668. Suppose 17*f = -9*f + c. What is the units digit of f?
7
Let j(c) = -5*c**2 - 50*c. Let q be j(-10). Suppose 10*t - 3*l - 2052 = 7*t, -5*t - 2*l + 3455 = q. What is the hundreds digit of t?
6
Let h = -204 - -212. Suppose -h*k = 10*k - 2178. What is the tens digit of k?
2
Suppose -9*q - 70 = -23*q. Suppose 0 = -4*r + q*f + 1821, -5*r - 923 = -7*r + 5*f. What is the hundreds digit of r?
4
Let r be 28 - (-8)/12*3. Let s be r/18 - (-2)/(-3). Let x(f) = 58*f + 1. What is the units digit of x(s)?
9
Suppose -230*c + 6227305 - 360925 = 0. What is the units digit of c?
6
Let r = -383 - -391. Suppose 3*n = 5*x - 699, 2*x - 9*n - 279 = -r*n. What is the units digit of x?
8
Suppose 6*k - 11*k + 80 = 0. Let h be 6/32*4 + 2644/k. Suppose 3*v = -2*q + 101 + 437, v - h = -4*q. What is the units digit of v?
2
Suppose -908*g = -925*g + 144942. What is the tens digit of g?
2
Suppose 4*k + 116 = 2*q, -4*q + 211 = 4*k - 5*k. Let c = 961 + q. What is the units digit of c?
3
Suppose 15*z - 3*n = 16*z - 12720, 5*n + 50795 = 4*z. What is the ten thousands digit of z?
1
Suppose 3*a - 8*a + 4*f + 13112 = 0, 0 = -5*a - 3*f + 13091. What is the units digit of a?
0
What is the tens digit of (895 - -36)*340/7?
2
Suppose 0 = -28*r + 25 + 87. Suppose x + 5*o = 708, -r*x - o + 2908 = -0*x. What is the tens digit of x?
2
Suppose 2*t = -3*m + 911, 0*m = -3*m - 5*t + 914. Suppose 9 = -3*q - m. Let y = 169 + q. What is the units digit of y?
5
Let d(q) be the third derivative of q**5/5 + q**4/24 - q**3 + 14*q**2. Let w = 125 - 121. What is the hundreds digit of d(w)?
1
Let u be ((-1938)/(-3))/(-5 - -3). Let c = 710 + u. What is the units digit of c?
7
Let o = -126 - -222. Suppose 91*l + 910 = o*l. What is the hundreds digit of l?
1
Let x = -198 - -410. What is the hundreds digit of (x/8)/(1/6)?
1
What is the units digit of (16 - 17)*(-179*37 + (-15 - -9))?
9
Suppose -l + 3*b + 9893 = 0, -3610 = -3*l + 2*b + 26027. What is the tens digit of l?
7
Let b(p) = 4058*p**2 - 78*p - 1. What is the hundreds digit of b(-1)?
1
Let l(k) = k**3 + 11*k**2 + 6*k + 12. Suppose -2 - 50 = -v. Let g = v - 62. What is the units digit of l(g)?
2
Let a = 18909 + -10884. What is the tens digit of a?
2
Suppose 341 = -4*m - 979. Let i = -217 - m. What is the tens digit of i?
1
Suppose 7*c - 6*c - 32 = -4*z, -3*c - 21 = -z. What is the tens digit of (z - 3)*(3 - 306/(-12))?
7
Let l = 5732 + 3373. What is the hundreds digit of l?
1
Suppose -13*d = -8 - 252. Suppose -15*c = -d*c. Suppose c = -4*r + 417 + 303. What is the hundreds digit of r?
1
Let y(d) = -3*d**3 - 8*d**2 + 5. Let r(t) = -22*t - 73. Let l be r(-3). What is the hundreds digit of y(l)?
6
Let n(j) = -599*j - 3387. What is the tens digit of n(-52)?
6
Let t(h) = 15578*h - 1659. What is the thousands digit of t(5)?
6
Let u = 9823 - 238. What is the thousands digit of u?
9
Suppose k - 14940 = -3*w + 7483, 3*k = 3. What is the units digit of w?
4
Let a(f) = 11*f**2 + 50*f + 638. What is the tens digit of a(-26)?
7
Let w(u) be the first derivative of -u**3/3 - 57*u**2/2 - 90*u - 173. What is the units digit of w(-47)?
0
Suppose -2*y + 2*s = -12, 5*y - s = -0*s + 10. Let m be 6/y - 3 - -223. Let x = 317 - m. What is the tens digit of x?
9
Let v(n) be the second derivative of 20*n**3/3 - 25*n**2 + 21*n. What is the hundreds digit of v(13)?
4
What is the ten thousands digit of (-964650)/(-28) + 816/3808?
3
Suppose 3*n + 47 = 53. Let c be (-3 - 3)*1/(-3). Suppose 4*v + c*h - 630 = 0, -2*v + 4*h = n*v - 648. What is the tens digit of v?
5
Suppose 3*w - 36198 = -3*o, 18*o - 22*o - 2*w = -48266. What is the units digit of o?
7
Let w(r) = -r + 65. Let g(q) = -q + 65. Let v(u) = -5*g(u) + 6*w(u). What is the units digit of v(-28)?
3
Let l(k) be the first derivative of -16*k**2 + 11*k + 28. What is the hundreds digit of l(-8)?
2
Let l(c) = -83 + 12*c - 12*c - 71*c + 5. What is the hundreds digit of l(-7)?
4
Suppose -1988 = 21*j - 10031. Suppose 4*g - 993 = j. What is the hundreds digit of g?
3
Let p = -8 + 2. Let l be (-80)/p + (-44)/33. Suppose -2*j - 2*j = l, -619 = -4*v - 3*j. What is the units digit of v?
7
Let j be ((-561)/(-6))/(5/40*1). Let b = -296 + j. What is the hundreds digit of b?
4
Suppose -65671 = -3*c + 4*u - 1298, 0 = 5*c - 5*u - 107285. What is the thousands digit of c?
1
Let l(r) = -7*r**3 + 2*r**2 + 3*r + 2. Let k be (-2)/(-8) - 90/40. What is the tens digit of l(k)?
6
Let c = 241 + -470. Let w = c - -749. What is the units digit of w?
0
What is the tens digit of -44 + 10857 + (-4 - 0)*-1?
1
Suppose -k = 3*k - 2*a + 2, -4*k - 3*a + 23 = 0. Suppose 4*u - 710 = -k*x, 4*u - 2219 = -4*x - 815. What is the tens digit of x?
4
What is the tens digit of (-177)/236*109432/(-3)?
5
Let r(m) = -4*m**2 - 985*m + 57. What is the hundreds digit of r(-135)?
1
Let b(z) = -3*z + 3*z**2 + 2*z**2 + 3 + 7 - 8. Let y be b(1). Suppose y*x = 653 - 113. What is the tens digit of x?
3
Suppose 9178 = m - v, -4*m - v - 40 + 36782 = 0. What is the tens digit of m?
8
Let k(z) be the second derivative of 25*z**4/3 - 4*z**3/3 - 2*z**2 - 6*z + 1. What is the hundreds digit of k(-2)?
4
Suppose 0 = -2*p - 4*r + 214, -4*r = -5 + 1. Let n be ((-241556)/p)/(-4) + (-4)/30. Suppose -n = -8*d + 3*d. What is the tens digit of d?
1
Suppose 244*v - 246*v = 16. What is the tens digit of (-36 + 10)*228/v?
4
Let x = -26 - 0. Let r = x + 34. Suppose 3*m - r*m + 355 = 0. What is the tens digit of m?
7
Let y = -46308 - -74513. What is the ten thousands digit of y?
2
Let y(r) = r**2 - 13*r - 54. Let x(g) = -3*g**2 - 21*g - 37. Let h be x(-6). What is the hundreds digit of y(h)?
5
Suppose 4*t - 4 = -4*v + v, 0 = 2*v + 8. Let w be 1 - (t + -1 - 358). Suppose -5*b + 9*b - w = 0. What is the units digit of b?
9
What is the units digit of (115 - (-1 - -2))*(9 + -8 - -75)?
4
Let i(y) = 4528*y**2 - 13*y - 46. What is the hundreds digit of i(-3)?
7
Suppose -3*n + n = -u - 31479, -78660 = -5*n - 5*u. What is the tens digit of n?
3
Suppose -26*w + 55621 = -24*w + 3*n, 2*w - 4*n = 55642. What is the tens digit of w?
1
Let y(a) = 6*a**2 - 40*a - 131. What is the hundreds digit of y(-16)?
0
Let v be (-9178)/(-22) - (10/11)/5. Suppose 3*p + 38 = 29, 4*g + 5*p = v. What is the tens digit of g?
0
Suppose -5*x = -5*f + 61935, 0 = 3*f + 18*x - 20*x - 37159. What is the thousands digit of f?
2
Let i(r) = r**2 - 304*r + 22. What is the hundreds digit of i(-15)?
8
Let d be 1/((-3 + 0)/(-15)). Suppose -b + d*p - 60 = -12, 2*p + 126 = -4*b. What is the hundreds digit of (-6)/b - 1802/(-11)?
1
What is the thousands digit of 16792/12*((4 - 33/(-6)) + 4)?
8
Let x = 11352 - 7670. What is the hundreds digit of -2 + x/((-14)/(-2))?
5
Suppose -513 = -i - 2*i. Suppose 3044 = 8*w + 292. Let h = w - i. What is the tens digit of h?
7
Let h(w) = 336*w**2 - 38*w - 32. What is the thousands digit of h(-5)?
8
Let g = 11733 - -5021. What is the tens digit of g?
5
Let q = -56 + 62. Let b be 10/3*q/4. Let v(o) = -o**2 + 9*o - 8. What is the units digit of v(b)?
2
Let w = -1571 - -20535. What is the units digit of w?
4
Let a = -13531 + 19835. What is the thousands digit of a?
6
What is the thousands digit of (551499/(-195))/(6/(-30))?
4
Let d = 436 - 499. What is the tens digit of (942/(-2))/(-1) - (-59 - d)?
6
Let l = 8898 - 4993. What is the tens digit of l?
0
What is the units digit of 7140 - (-8 - 18/3)?
4
Let q = 214 + 58. Suppose -l + 1107 - q = -5*p, 4*p - 2505 = -3*l. What is the units digit of l?
5
Suppose -3*l - 395 = 4*s, 7*s - 16 = 3*s. Let t = 272 + l. Let w = -74 + t. What is the units digit of w?
1
Let d = -6975 - -23462. What is the ten thousands digit of d?
1
Suppose 3*i + 5*d = 2*i - 69, 5*i + d + 249 = 0. Suppose -350 = -4*o - 26. Let x = i + o. What is the units digit of x?
2
Suppose -2*q = 5*r - 3528 - 8494, 4*q = 4*r - 9612. What is the tens digit of r?
0
Let o = -98 + 204. Let u(m) = -m**3 + 5*m**2 - 5. Let v be u(3). Suppose o = -11*a + v*a. What is the tens digit of a?
5
Let g be -166*((-1)/4 - (-4)/(-16)). Let a = -53 + g. What is the units digit of (-12)/a + 201/15?
3
Let z = 24 + -20. Suppose 0*i + 2*i + 90 = -